e units digit of c(3)?
2
Let g = 899 + 523. What is the tens digit of g?
2
Let h = 14 - -7. Suppose -b = -5*d - h, d = -5*b + 15 + 12. Suppose 4*o - 257 = -3*a, o + b*a - 2*a = 48. What is the tens digit of o?
6
Let s(u) = u**3 - 27*u**2 + 39*u + 54. What is the tens digit of s(28)?
3
Let j = 103 - -252. Suppose 2*l + 107 = -4*a + j, -2*a - 10 = 0. What is the units digit of l?
4
Suppose 3*h + 41 = -v - 50, -240 = 3*v - 2*h. Let g = 101 - v. What is the hundreds digit of g?
1
Let g = 2442 + -1735. What is the tens digit of g?
0
Suppose 32*g - 24*g = 28088. What is the units digit of g?
1
Let q(f) = -f**2 - 13*f - 5. Let g be 5/(-1 - 2 - -2). Let o = g + -5. What is the units digit of q(o)?
5
Suppose -4*k + 7*k - 60 = -4*r, 36 = 4*r - 3*k. Let a be ((-6)/(-4))/3*r. Let w = a + 4. What is the tens digit of w?
1
Suppose -11*b - 7440 = -23*b. What is the hundreds digit of b?
6
Suppose -4*c - 9*u + 10*u = -8059, 6 = -2*u. What is the hundreds digit of c?
0
Suppose -1144 = -2*u - 4*l, -130*l + 577 = u - 133*l. What is the hundreds digit of u?
5
Let s(a) = 3*a**2 + 19*a + 7. Let r be s(-6). What is the hundreds digit of (r - 239)*(5/2 + -3)?
1
Suppose -f - 27 = -4*f. Let a be 66/f + 1/(-3). Let b = a + -4. What is the units digit of b?
3
Suppose 0 = -4*w - 3*u + 60, -2*u = -w + u + 15. Let y = 0 + w. Suppose 15 = z - y. What is the tens digit of z?
3
What is the units digit of (1 + 0)*10146/19?
4
Let w = 1819 + -320. What is the units digit of w?
9
Let b = 412 + 819. What is the tens digit of b?
3
Let v(a) = -1 + 18*a + 0*a - 3*a. What is the tens digit of v(4)?
5
Let b(f) = -f - 18. Let g(v) = -3. Let r(n) = 6*b(n) - 39*g(n). What is the units digit of r(-4)?
3
Suppose 178 = 4*s - q, s - 2*q = -15 + 56. Let f be -447*6/s*5. What is the tens digit of 2/6 + f/(-6)?
5
Suppose 0 = -12*v + 18*v - 36. Suppose 3*d = 2*i - 341, -d = -4*i - v*d + 627. What is the tens digit of i?
6
What is the hundreds digit of 1967 + (-5)/3*(-75 + 72)?
9
Let m = 53 + -53. Suppose m = 24*t - 26*t + 186. What is the tens digit of t?
9
Let p(f) = f**2 + 7*f + 45. Let i(b) = -12*b**3 - 7*b - 6. Let q be i(-1). What is the hundreds digit of p(q)?
3
Suppose 3*z - 14 = s, -3*s + 2 = 17. Let m = 29 + z. What is the tens digit of m?
3
Let c be 5/(2 - 1/(-2)). Suppose 3*x + c = 17. What is the units digit of 1/x - (-98)/10?
0
What is the hundreds digit of 30/40*(-98740)/(-15)?
9
Suppose -4*x - 2*d = d - 32, 0 = 2*x - 3*d + 2. Suppose -2*y - 4*q = -80, y = -x*q + 16 + 30. What is the tens digit of y?
3
Let r(w) = 79*w**2 - 7*w + 50. What is the units digit of r(5)?
0
Let h(j) = -j + 51. Suppose 5*b + 19 + 21 = 4*r, -61 = -3*r - 4*b. What is the units digit of h(r)?
6
Suppose x - 67 = -27. Let h = 29 - x. Let y = h + 21. What is the tens digit of y?
1
Let g(a) = a**3 - 4*a**2 + a - 20. What is the hundreds digit of g(8)?
2
What is the units digit of (3 - 7 - (-3 + 5)) + 2016?
0
Let t = -6 - -9. Suppose 0 = t*z - 30 + 129. Let g = -6 - z. What is the tens digit of g?
2
Let t be -39 + 2 + 5 - -7. Let r be (-55)/4*(1 - 5). Let s = r + t. What is the tens digit of s?
3
What is the tens digit of (1/(-2))/((-27)/2916)?
5
Suppose -c - 63 = -4*c. Suppose -3 = -4*d + c. Suppose -p + 4 = -d. What is the tens digit of p?
1
Suppose 16*a - 15*a - 1 = 0. Let c be (-5)/(a/(-1 - 0)). Suppose 0 = c*b - w - 276, 0 = -4*b - 0*b - w + 219. What is the tens digit of b?
5
Let x(y) = 18*y**3 - 6*y**2 + 3. Let l be x(4). What is the units digit of (-1)/8 - l*8/(-192)?
4
Let w(q) be the first derivative of 152*q**3/3 + q**2/2 - 2*q - 4. What is the tens digit of w(1)?
5
What is the units digit of 1868 + (-7)/((-63)/(-72))?
0
Let j = -151 - -80. Let c(d) = 5*d - 82. Let b be c(15). Let w = b - j. What is the tens digit of w?
6
Suppose 2*l + 13 = -5. Let o(p) be the third derivative of -p**4/24 + 3*p**3/2 + 4*p**2. What is the units digit of o(l)?
8
Let c be 2/(-4) + -3*28/(-24). Suppose 0 = -5*w - a + 4*a + 603, -3*w = c*a - 357. What is the tens digit of w?
2
What is the tens digit of 100/(-8)*(-1 + -69)?
7
Let q(d) = 10*d + 20. What is the tens digit of q(19)?
1
Suppose 0 = -2*g + 5*p + 2331, 4*g - 8*g + 4707 = -p. What is the tens digit of g?
7
Suppose 3*w + 25 = 34. Suppose 3*v - 315 = -w*g, -g - 2*g + 208 = 2*v. What is the tens digit of v?
0
Suppose -5*l + 3*g - 63 = 192, 2*g = -l - 64. What is the units digit of (-45)/20*l - (-2)/(-4)?
1
Let i(n) = 6*n**3 - 10*n**2 + 3*n**3 - 10*n**3 + 2*n**2. Let x(v) = 3*v**3 + 17*v**2 - v + 1. Let b(c) = 5*i(c) + 2*x(c). What is the tens digit of b(7)?
3
Let p be (-6)/((-3)/(-6)*-1). Suppose -5*x + 13 = -p. Suppose -d + 5*m = -2*d + 34, x*m = -5. What is the units digit of d?
9
Let c be ((-22)/4 - -5)*2. What is the tens digit of 4 + 0 - 236/c?
4
Let n(o) = 59*o**2 - 5*o - 7. Let d be n(-2). Suppose -5*y + 5*l + 0*l = 0, 0 = 3*y + 4*l - 28. Suppose y*a - d = -43. What is the units digit of a?
9
Let g(k) = k - 3. Let h be g(0). Let q be h/2*(-800)/24. Suppose 0 = 4*a - 42 - q. What is the tens digit of a?
2
Let x(y) = -3*y**2 + 177*y - 6. What is the units digit of x(45)?
4
Suppose -2*t = 3*k - 4260, 3*t - 7101 = -2*k - 3*k. What is the tens digit of k?
2
Suppose 0 = -6*k + 3*k + 4*n + 1013, -676 = -2*k + 3*n. What is the tens digit of k?
3
Let n(w) = -4*w**2 - w - 1. Let q be n(-1). Let p be 334/(-9) + q/(-36). Let k = p + 58. What is the tens digit of k?
2
Suppose -278411 = -60*q - 3251. What is the units digit of q?
6
Suppose 5*f = 5*n - 3 - 2, 3*n - 31 = -4*f. Suppose -2*t = 2*p - 184, 5*p - p + 433 = n*t. What is the tens digit of t?
8
Let u(s) = -2*s**2 + 11*s + 7. Let t be u(6). Let y = t - -13. What is the tens digit of y?
1
Let r = 8 + -3. Suppose -3*v = -r*s + 10, -s + v = -0*v. Suppose -o + 21 = s*a - 16, -3*a = 2*o - 39. What is the units digit of o?
2
Suppose 6*y - 4*y = 4. Let a(i) = -2*i**2 - i + 1. Let d be a(-1). Suppose b - y*b - 2 = d, 0 = -2*v + 4*b + 62. What is the units digit of v?
7
Suppose l + 89 = 254. Suppose 2*c = -2*c - m - l, -114 = 3*c + 4*m. What is the units digit of c/(-5) + 6/(-15)?
8
Suppose -3*h = 2*f - 2719, -f + 12*h + 1327 = 7*h. What is the tens digit of f?
5
Let r(j) = j**3 + 8*j**2 - 5*j - 10. Suppose 20 = -5*g - 20. What is the units digit of r(g)?
0
Suppose 0 = -11*j + 9020 - 2596. What is the tens digit of j?
8
Let a(s) = 11*s - 6. Let h be a(-9). What is the hundreds digit of (-2 - h) + -2 + -2 + 4?
1
Let t(n) = -8*n**2 - 5*n + 2. Let c(p) = 9*p**2 + 6*p - 2. Let w(h) = -6*c(h) - 7*t(h). Let m be w(2). What is the units digit of -3 + m - (-49 - 0)?
0
Let h(k) = -k**3 + k**2 + k. Let l be h(0). Suppose l = 4*g + 5*x - 15, -2*g = g - 5*x - 20. Suppose g*u - 98 - 57 = 0. What is the tens digit of u?
3
Suppose -l + 3 = 4. What is the units digit of (l - 2/(-4))*-34?
7
Let z(m) = 2*m - 6. Let s be z(5). Let n(o) = 4*o**2 + 2*o - 6. What is the tens digit of n(s)?
6
Let s = -16 - -18. Suppose s*o = -2*o + 504. Suppose 10*a - o = 7*a. What is the units digit of a?
2
What is the hundreds digit of (4 + 0)/((-3)/(-636))?
8
Suppose 6*y - 1784 = -4*w + y, 4*w + y = 1784. Suppose -3*h - 1 = -t + 100, w = 4*t + 2*h. What is the tens digit of t?
1
Let q(g) be the third derivative of -7*g**6/720 - 11*g**5/120 + g**4/12 + 2*g**2. Let l(k) be the second derivative of q(k). What is the units digit of l(-9)?
2
Let s(b) = b. Let j be s(1). Suppose 4*i = -5*c + 92, 2*i = 3*i + 2. What is the tens digit of 26/j*10/c?
1
Let u(m) = -m**2 + 38*m + 99. What is the hundreds digit of u(15)?
4
Let x(f) = 4*f + 21*f - 5 - 13*f + f**2. What is the units digit of x(-13)?
8
Suppose 86*j - 624 = 84*j. What is the tens digit of j?
1
Let t(r) = -2*r + 7. Let z be t(6). Let i(m) = -10 - 7*m + 5 - m + 6. What is the tens digit of i(z)?
4
Let k = -160 + 1821. What is the hundreds digit of k?
6
Let d be ((-3)/(-6))/((-1)/34). Let u = 11 + d. Let f(z) = z**2 + 5*z + 9. What is the units digit of f(u)?
5
Let o = 174 + -94. Let a = o - 46. Let c = a + -14. What is the tens digit of c?
2
Suppose 0 = -8*b + 3*b - 90. What is the tens digit of (-3*2/b)/(8/1992)?
8
Suppose -3*g = 3, -g + 2572 = y - 575. What is the tens digit of y?
4
Let b(h) = -h**3 - h**2 + 2*h + 12. Let u be b(0). What is the tens digit of ((-6)/u)/((-2)/52)?
1
Let j(s) = -53*s**3 + 8*s**2 - 7. 